05
Calculate the remainder when 439 is divided by 204.
31
Calculate the remainder when 394862 is divided by 131617.
11
Calculate the remainder when 153937 is divided by 21988.
21
What is the remainder when 51720 is divided by 158?
54
What is the remainder when 19482 is divided by 243?
42
Calculate the remainder when 1160 is divided by 259.
124
Calculate the remainder when 9570 is divided by 4676.
218
What is the remainder when 1520 is divided by 449?
173
Calculate the remainder when 25132 is divided by 87.
76
What is the remainder when 2395 is divided by 29?
17
What is the remainder when 45286 is divided by 408?
406
Calculate the remainder when 15201 is divided by 181.
178
Calculate the remainder when 27806 is divided by 678.
8
What is the remainder when 327667 is divided by 425?
417
Calculate the remainder when 111228 is divided by 6951.
12
Calculate the remainder when 250 is divided by 214.
36
What is the remainder when 9855 is divided by 448?
447
Calculate the remainder when 1086 is divided by 142.
92
Calculate the remainder when 90785 is divided by 534.
5
Calculate the remainder when 2820 is divided by 1390.
40
Calculate the remainder when 28434 is divided by 14216.
2
What is the remainder when 102400 is divided by 51171?
58
What is the remainder when 9803 is divided by 217?
38
Calculate the remainder when 201 is divided by 110.
91
Calculate the remainder when 556244 is divided by 22.
18
What is the remainder when 1811 is divided by 196?
47
What is the remainder when 5905 is divided by 115?
40
Calculate the remainder when 38698 is divided by 75.
73
Calculate the remainder when 5378 is divided by 58.
42
What is the remainder when 24918 is divided by 2075?
18
Calculate the remainder when 416742 is divided by 147.
144
What is the remainder when 1187 is divided by 40?
27
Calculate the remainder when 25778 is divided by 39.
38
What is the remainder when 9385 is divided by 4?
1
Calculate the remainder when 195779 is divided by 8899.
1
Calculate the remainder when 161763 is divided by 74.
73
Calculate the remainder when 12369 is divided by 225.
219
What is the remainder when 4261 is divided by 203?
201
What is the remainder when 909 is divided by 294?
27
Calculate the remainder when 96597 is divided by 184.
181
What is the remainder when 1521 is divided by 203?
100
What is the remainder when 306 is divided by 40?
26
What is the remainder when 7676 is divided by 7654?
22
Calculate the remainder when 104524 is divided by 18.
16
What is the remainder when 15419 is divided by 5136?
11
What is the remainder when 1009234 is divided by 12?
10
Calculate the remainder when 956 is divided by 884.
72
Calculate the remainder when 40315 is divided by 10.
5
Calculate the remainder when 103566 is divided by 69.
66
Calculate the remainder when 205678 is divided by 5.
3
What is the remainder when 211 is divided by 183?
28
What is the remainder when 288639 is divided by 53?
1
What is the remainder when 787 is divided by 143?
72
Calculate the remainder when 142820 is divided by 55.
40
Calculate the remainder when 11004 is divided by 510.
294
What is the remainder when 18746 is divided by 3746?
16
Calculate the remainder when 23956 is divided by 87.
31
What is the remainder when 256 is divided by 25?
6
Calculate the remainder when 242418 is divided by 121202.
14
Calculate the remainder when 792 is divided by 250.
42
Calculate the remainder when 51845 is divided by 122.
117
Calculate the remainder when 282694 is divided by 514.
508
Calculate the remainder when 109239 is divided by 37.
15
Calculate the remainder when 5066 is divided by 358.
54
Calculate the remainder when 1724 is divided by 1108.
616
What is the remainder when 1854824 is divided by 25?
24
Calculate the remainder when 15275 is divided by 142.
81
What is the remainder when 30229 is divided by 207?
7
What is the remainder when 21650 is divided by 20?
10
Calculate the remainder when 599 is divided by 4.
3
Calculate the remainder when 4362 is divided by 398.
382
What is the remainder when 9109 is divided by 11?
1
Calculate the remainder when 155829 is divided by 407.
355
What is the remainder when 82530 is divided by 5502?
0
Calculate the remainder when 19946 is divided by 1126.
804
What is the remainder when 9739007 is divided by 47?
43
Calculate the remainder when 11140 is divided by 278.
20
What is the remainder when 284490 is divided by 118?
110
Calculate the remainder when 952137 is divided by 7.
4
Calculate the remainder when 11765 is divided by 203.
194
Calculate the remainder when 1662119 is divided by 22.
19
What is the remainder when 9863 is divided by 379?
9
Calculate the remainder when 1329 is divided by 408.
105
Calculate the remainder when 41336 is divided by 521.
177
What is the remainder when 9966 is divided by 554?
548
What is the remainder when 21175 is divided by 40?
15
Calculate the remainder when 1471 is divided by 343.
99
What is the remainder when 20030 is divided by 71?
8
What is the remainder when 4370 is divided by 550?
520
Calculate the remainder when 210 is divided by 117.
93
What is the remainder when 271482 is divided by 5?
2
Calculate the remainder when 904330 is divided by 22.
20
What is the remainder when 22351 is divided by 263?
259
Calculate the remainder when 2275 is divided by 2231.
44
Calculate the remainder when 78497 is divided by 93.
5
Calculate the remainder when 100154 is divided by 16.
10
What is the remainder when 10223 is divided by 180?
143
What is the remainder when 97420 is divided by 889?
519
Calculate the remainder when 41627 is divided by 66.
47
What is the remainder when 5656 is divided by 135?
121
What is the remainder when 34852 is divided by 51?
19
What is the remainder when 42282 is divided by 1510?
2
Calculate the remainder when 3314321 is divided by 342.
341
What is the remainder when 26504 is divided by 1893?
2
Calculate the remainder when 15487 is divided by 124.
111
What is the remainder when 9693 is divided by 480?
93
Calculate the remainder when 8817 is divided by 884.
861
What is the remainder when 12517 is divided by 60?
37
Calculate the remainder when 21887 is divided by 10787.
313
What is the remainder when 546246 is divided by 298?
12
What is the remainder when 393835 is divided by 62?
11
Calculate the remainder when 8724 is divided by 302.
268
What is the remainder when 1937 is divided by 335?
262
Calculate the remainder when 25342 is divided by 46.
42
What is the remainder when 11799 is divided by 1942?
147
Calculate the remainder when 15196 is divided by 6.
4
What is the remainder when 910920 is divided by 81?
75
What is the remainder when 5622 is divided by 802?
8
Calculate the remainder when 1298967 is divided by 17.
14
What is the remainder when 9148 is divided by 1361?
982
Calculate the remainder when 29245 is divided by 25.
20
Calculate the remainder when 34775 is divided by 90.
35
Calculate the remainder when 624128 is divided by 74.
12
What is the remainder when 5001 is divided by 1246?
17
What is the remainder when 5859 is divided by 1796?
471
What is the remainder when 73982 is divided by 74?
56
What is the remainder when 8920 is divided by 79?
72
What is the remainder when 34378 is divided by 201?
7
What is the remainder when 417774 is divided by 16?
14
Calculate the remainder when 66878 is divided by 44.
42
What is the remainder when 19195 is divided by 191?
95
What is the remainder when 248893 is divided by 25?
18
What is the remainder when 94672 is divided by 179?
160
Calculate the remainder when 44195 is divided by 3397.
34
Calculate the remainder when 2503 is divided by 280.
263
What is the remainder when 889665 is divided by 43?
38
What is the remainder when 27097 is divided by 13495?
107
Calculate the remainder when 41161 is divided by 6859.
7
Calculate the remainder when 160951 is divided by 248.
247
Calculate the remainder when 209519 is divided by 3379.
21
What is the remainder when 8522 is divided by 93?
59
Calculate the remainder when 2907 is divided by 1958.
949
What is the remainder when 32441 is divided by 32425?
16
What is the remainder when 12438 is divided by 57?
12
Calculate the remainder when 95169 is divided by 10.
9
Calculate the remainder when 5494 is divided by 53.
35
Calculate the remainder when 